{"id":964,"date":"2021-06-25T14:10:35","date_gmt":"2021-06-25T14:10:35","guid":{"rendered":"http:\/\/amitos30.sg-host.com\/?post_type=unsere-kolloquium&#038;p=964"},"modified":"2021-07-18T14:17:41","modified_gmt":"2021-07-18T14:17:41","slug":"frantz-fanon-the-damned-of-this-earth","status":"publish","type":"unsere-kolloquium","link":"https:\/\/www.skb.tu-berlin.de\/en\/our-colloquium\/frantz-fanon-the-damned-of-this-earth\/","title":{"rendered":"Frantz Fanon, \"The Wretched of the Earth.\""},"content":{"rendered":"","protected":false},"excerpt":{"rendered":"<p>We are reading Fanon's attempt on liberation struggles against colonialism. What can be learned from it for a time of neo-colonialism and climate injustice?<\/p>","protected":false},"featured_media":799,"parent":0,"menu_order":0,"template":"","kolloquium_kategorie":[57,35],"class_list":["post-964","unsere-kolloquium","type-unsere-kolloquium","status-publish","has-post-thumbnail","hentry","kolloquium_kategorie-aktuelle","kolloquium_kategorie-diskussionskreis"],"yoast_head":"<!-- This site is optimized with the Yoast SEO plugin v26.1.1 - https:\/\/yoast.com\/wordpress\/plugins\/seo\/ -->\n<title>Frantz Fanon: \u201eDie Verdammten dieser Erde.\u201c - SKB<\/title>\n<meta name=\"robots\" content=\"index, follow, max-snippet:-1, max-image-preview:large, max-video-preview:-1\" \/>\n<link rel=\"canonical\" href=\"https:\/\/www.skb.tu-berlin.de\/en\/our-colloquium\/frantz-fanon-the-damned-of-this-earth\/\" \/>\n<meta property=\"og:locale\" content=\"en_US\" \/>\n<meta property=\"og:type\" content=\"article\" \/>\n<meta property=\"og:title\" content=\"Frantz Fanon: \u201eDie Verdammten dieser Erde.\u201c - SKB\" \/>\n<meta property=\"og:description\" content=\"Wir lesen Fanons Versuch \u00fcber die Befreiungsk\u00e4mpfe gegen den Kolonialismus. Was l\u00e4sst sich daraus f\u00fcr eine Zeit des Neokolonialismus und der Klimaungerechtigkeit lernen?\" \/>\n<meta property=\"og:url\" content=\"https:\/\/www.skb.tu-berlin.de\/en\/our-colloquium\/frantz-fanon-the-damned-of-this-earth\/\" \/>\n<meta property=\"og:site_name\" content=\"SKB\" \/>\n<meta property=\"article:modified_time\" content=\"2021-07-18T14:17:41+00:00\" \/>\n<meta property=\"og:image\" content=\"https:\/\/www.skb.tu-berlin.de\/wp-content\/uploads\/2021\/05\/19582249739_48af0dbd37_c.jpg\" \/>\n\t<meta property=\"og:image:width\" content=\"657\" \/>\n\t<meta property=\"og:image:height\" content=\"800\" \/>\n\t<meta property=\"og:image:type\" content=\"image\/jpeg\" \/>\n<meta name=\"twitter:card\" content=\"summary_large_image\" \/>\n<script type=\"application\/ld+json\" class=\"yoast-schema-graph\">{\"@context\":\"https:\/\/schema.org\",\"@graph\":[{\"@type\":\"WebPage\",\"@id\":\"https:\/\/www.skb.tu-berlin.de\/en\/unsere-kolloquium\/frantz-fanon-die-verdammten-dieser-erde\/\",\"url\":\"https:\/\/www.skb.tu-berlin.de\/en\/unsere-kolloquium\/frantz-fanon-die-verdammten-dieser-erde\/\",\"name\":\"Frantz Fanon: \u201eDie Verdammten dieser Erde.\u201c - SKB\",\"isPartOf\":{\"@id\":\"https:\/\/www.skb.tu-berlin.de\/#website\"},\"primaryImageOfPage\":{\"@id\":\"https:\/\/www.skb.tu-berlin.de\/en\/unsere-kolloquium\/frantz-fanon-die-verdammten-dieser-erde\/#primaryimage\"},\"image\":{\"@id\":\"https:\/\/www.skb.tu-berlin.de\/en\/unsere-kolloquium\/frantz-fanon-die-verdammten-dieser-erde\/#primaryimage\"},\"thumbnailUrl\":\"https:\/\/www.skb.tu-berlin.de\/wp-content\/uploads\/2021\/05\/19582249739_48af0dbd37_c.jpg\",\"datePublished\":\"2021-06-25T14:10:35+00:00\",\"dateModified\":\"2021-07-18T14:17:41+00:00\",\"breadcrumb\":{\"@id\":\"https:\/\/www.skb.tu-berlin.de\/en\/unsere-kolloquium\/frantz-fanon-die-verdammten-dieser-erde\/#breadcrumb\"},\"inLanguage\":\"en-US\",\"potentialAction\":[{\"@type\":\"ReadAction\",\"target\":[\"https:\/\/www.skb.tu-berlin.de\/en\/unsere-kolloquium\/frantz-fanon-die-verdammten-dieser-erde\/\"]}]},{\"@type\":\"ImageObject\",\"inLanguage\":\"en-US\",\"@id\":\"https:\/\/www.skb.tu-berlin.de\/en\/unsere-kolloquium\/frantz-fanon-die-verdammten-dieser-erde\/#primaryimage\",\"url\":\"https:\/\/www.skb.tu-berlin.de\/wp-content\/uploads\/2021\/05\/19582249739_48af0dbd37_c.jpg\",\"contentUrl\":\"https:\/\/www.skb.tu-berlin.de\/wp-content\/uploads\/2021\/05\/19582249739_48af0dbd37_c.jpg\",\"width\":657,\"height\":800},{\"@type\":\"BreadcrumbList\",\"@id\":\"https:\/\/www.skb.tu-berlin.de\/en\/unsere-kolloquium\/frantz-fanon-die-verdammten-dieser-erde\/#breadcrumb\",\"itemListElement\":[{\"@type\":\"ListItem\",\"position\":1,\"name\":\"SKB\",\"item\":\"https:\/\/www.skb.tu-berlin.de\/\"},{\"@type\":\"ListItem\",\"position\":2,\"name\":\"Frantz Fanon: \u201eDie Verdammten dieser Erde.\u201c\"}]},{\"@type\":\"WebSite\",\"@id\":\"https:\/\/www.skb.tu-berlin.de\/#website\",\"url\":\"https:\/\/www.skb.tu-berlin.de\/\",\"name\":\"SKB\",\"description\":\"Sprach- und Kulturb\u00f6rse TU Berlin\",\"potentialAction\":[{\"@type\":\"SearchAction\",\"target\":{\"@type\":\"EntryPoint\",\"urlTemplate\":\"https:\/\/www.skb.tu-berlin.de\/?s={search_term_string}\"},\"query-input\":{\"@type\":\"PropertyValueSpecification\",\"valueRequired\":true,\"valueName\":\"search_term_string\"}}],\"inLanguage\":\"en-US\"}]}<\/script>\n<!-- \/ Yoast SEO plugin. -->","yoast_head_json":{"title":"Frantz Fanon: \"The Damned of the Earth.\" - SKB","robots":{"index":"index","follow":"follow","max-snippet":"max-snippet:-1","max-image-preview":"max-image-preview:large","max-video-preview":"max-video-preview:-1"},"canonical":"https:\/\/www.skb.tu-berlin.de\/en\/our-colloquium\/frantz-fanon-the-damned-of-this-earth\/","og_locale":"en_US","og_type":"article","og_title":"Frantz Fanon: \u201eDie Verdammten dieser Erde.\u201c - SKB","og_description":"Wir lesen Fanons Versuch \u00fcber die Befreiungsk\u00e4mpfe gegen den Kolonialismus. Was l\u00e4sst sich daraus f\u00fcr eine Zeit des Neokolonialismus und der Klimaungerechtigkeit lernen?","og_url":"https:\/\/www.skb.tu-berlin.de\/en\/our-colloquium\/frantz-fanon-the-damned-of-this-earth\/","og_site_name":"SKB","article_modified_time":"2021-07-18T14:17:41+00:00","og_image":[{"width":657,"height":800,"url":"https:\/\/www.skb.tu-berlin.de\/wp-content\/uploads\/2021\/05\/19582249739_48af0dbd37_c.jpg","type":"image\/jpeg"}],"twitter_card":"summary_large_image","schema":{"@context":"https:\/\/schema.org","@graph":[{"@type":"WebPage","@id":"https:\/\/www.skb.tu-berlin.de\/en\/unsere-kolloquium\/frantz-fanon-die-verdammten-dieser-erde\/","url":"https:\/\/www.skb.tu-berlin.de\/en\/unsere-kolloquium\/frantz-fanon-die-verdammten-dieser-erde\/","name":"Frantz Fanon: \"The Damned of the Earth.\" - SKB","isPartOf":{"@id":"https:\/\/www.skb.tu-berlin.de\/#website"},"primaryImageOfPage":{"@id":"https:\/\/www.skb.tu-berlin.de\/en\/unsere-kolloquium\/frantz-fanon-die-verdammten-dieser-erde\/#primaryimage"},"image":{"@id":"https:\/\/www.skb.tu-berlin.de\/en\/unsere-kolloquium\/frantz-fanon-die-verdammten-dieser-erde\/#primaryimage"},"thumbnailUrl":"https:\/\/www.skb.tu-berlin.de\/wp-content\/uploads\/2021\/05\/19582249739_48af0dbd37_c.jpg","datePublished":"2021-06-25T14:10:35+00:00","dateModified":"2021-07-18T14:17:41+00:00","breadcrumb":{"@id":"https:\/\/www.skb.tu-berlin.de\/en\/unsere-kolloquium\/frantz-fanon-die-verdammten-dieser-erde\/#breadcrumb"},"inLanguage":"en-US","potentialAction":[{"@type":"ReadAction","target":["https:\/\/www.skb.tu-berlin.de\/en\/unsere-kolloquium\/frantz-fanon-die-verdammten-dieser-erde\/"]}]},{"@type":"ImageObject","inLanguage":"en-US","@id":"https:\/\/www.skb.tu-berlin.de\/en\/unsere-kolloquium\/frantz-fanon-die-verdammten-dieser-erde\/#primaryimage","url":"https:\/\/www.skb.tu-berlin.de\/wp-content\/uploads\/2021\/05\/19582249739_48af0dbd37_c.jpg","contentUrl":"https:\/\/www.skb.tu-berlin.de\/wp-content\/uploads\/2021\/05\/19582249739_48af0dbd37_c.jpg","width":657,"height":800},{"@type":"BreadcrumbList","@id":"https:\/\/www.skb.tu-berlin.de\/en\/unsere-kolloquium\/frantz-fanon-die-verdammten-dieser-erde\/#breadcrumb","itemListElement":[{"@type":"ListItem","position":1,"name":"SKB","item":"https:\/\/www.skb.tu-berlin.de\/"},{"@type":"ListItem","position":2,"name":"Frantz Fanon: \u201eDie Verdammten dieser Erde.\u201c"}]},{"@type":"WebSite","@id":"https:\/\/www.skb.tu-berlin.de\/#website","url":"https:\/\/www.skb.tu-berlin.de\/","name":"SKB","description":"Language and Culture Exchange TU Berlin","potentialAction":[{"@type":"SearchAction","target":{"@type":"EntryPoint","urlTemplate":"https:\/\/www.skb.tu-berlin.de\/?s={search_term_string}"},"query-input":{"@type":"PropertyValueSpecification","valueRequired":true,"valueName":"search_term_string"}}],"inLanguage":"en-US"}]}},"_links":{"self":[{"href":"https:\/\/www.skb.tu-berlin.de\/en\/wp-json\/wp\/v2\/unsere-kolloquium\/964","targetHints":{"allow":["GET"]}}],"collection":[{"href":"https:\/\/www.skb.tu-berlin.de\/en\/wp-json\/wp\/v2\/unsere-kolloquium"}],"about":[{"href":"https:\/\/www.skb.tu-berlin.de\/en\/wp-json\/wp\/v2\/types\/unsere-kolloquium"}],"version-history":[{"count":0,"href":"https:\/\/www.skb.tu-berlin.de\/en\/wp-json\/wp\/v2\/unsere-kolloquium\/964\/revisions"}],"wp:featuredmedia":[{"embeddable":true,"href":"https:\/\/www.skb.tu-berlin.de\/en\/wp-json\/wp\/v2\/media\/799"}],"wp:attachment":[{"href":"https:\/\/www.skb.tu-berlin.de\/en\/wp-json\/wp\/v2\/media?parent=964"}],"wp:term":[{"taxonomy":"kolloquium_kategorie","embeddable":true,"href":"https:\/\/www.skb.tu-berlin.de\/en\/wp-json\/wp\/v2\/kolloquium_kategorie?post=964"}],"curies":[{"name":"wp","href":"https:\/\/api.w.org\/{rel}","templated":true}]}}

<!-- This site is optimized with the Yoast SEO plugin v26.1.1 - https://yoast.com/wordpress/plugins/seo/ -->
<title>Frantz Fanon: „Die Verdammten dieser Erde.“ - SKB</title>
<meta name="robots" content="index, follow, max-snippet:-1, max-image-preview:large, max-video-preview:-1" />
<link rel="canonical" href="https://www.skb.tu-berlin.de/en/our-colloquium/frantz-fanon-the-damned-of-this-earth/" />
<meta property="og:locale" content="en_US" />
<meta property="og:type" content="article" />
<meta property="og:title" content="Frantz Fanon: „Die Verdammten dieser Erde.“ - SKB" />
<meta property="og:description" content="Wir lesen Fanons Versuch über die Befreiungskämpfe gegen den Kolonialismus. Was lässt sich daraus für eine Zeit des Neokolonialismus und der Klimaungerechtigkeit lernen?" />
<meta property="og:url" content="https://www.skb.tu-berlin.de/en/our-colloquium/frantz-fanon-the-damned-of-this-earth/" />
<meta property="og:site_name" content="SKB" />
<meta property="article:modified_time" content="2021-07-18T14:17:41+00:00" />
<meta property="og:image" content="https://www.skb.tu-berlin.de/wp-content/uploads/2021/05/19582249739_48af0dbd37_c.jpg" />
	<meta property="og:image:width" content="657" />
	<meta property="og:image:height" content="800" />
	<meta property="og:image:type" content="image/jpeg" />
<meta name="twitter:card" content="summary_large_image" />
<script type="application/ld+json" class="yoast-schema-graph">{"@context":"https://schema.org","@graph":[{"@type":"WebPage","@id":"https://www.skb.tu-berlin.de/en/unsere-kolloquium/frantz-fanon-die-verdammten-dieser-erde/","url":"https://www.skb.tu-berlin.de/en/unsere-kolloquium/frantz-fanon-die-verdammten-dieser-erde/","name":"Frantz Fanon: „Die Verdammten dieser Erde.“ - SKB","isPartOf":{"@id":"https://www.skb.tu-berlin.de/#website"},"primaryImageOfPage":{"@id":"https://www.skb.tu-berlin.de/en/unsere-kolloquium/frantz-fanon-die-verdammten-dieser-erde/#primaryimage"},"image":{"@id":"https://www.skb.tu-berlin.de/en/unsere-kolloquium/frantz-fanon-die-verdammten-dieser-erde/#primaryimage"},"thumbnailUrl":"https://www.skb.tu-berlin.de/wp-content/uploads/2021/05/19582249739_48af0dbd37_c.jpg","datePublished":"2021-06-25T14:10:35+00:00","dateModified":"2021-07-18T14:17:41+00:00","breadcrumb":{"@id":"https://www.skb.tu-berlin.de/en/unsere-kolloquium/frantz-fanon-die-verdammten-dieser-erde/#breadcrumb"},"inLanguage":"en-US","potentialAction":[{"@type":"ReadAction","target":["https://www.skb.tu-berlin.de/en/unsere-kolloquium/frantz-fanon-die-verdammten-dieser-erde/"]}]},{"@type":"ImageObject","inLanguage":"en-US","@id":"https://www.skb.tu-berlin.de/en/unsere-kolloquium/frantz-fanon-die-verdammten-dieser-erde/#primaryimage","url":"https://www.skb.tu-berlin.de/wp-content/uploads/2021/05/19582249739_48af0dbd37_c.jpg","contentUrl":"https://www.skb.tu-berlin.de/wp-content/uploads/2021/05/19582249739_48af0dbd37_c.jpg","width":657,"height":800},{"@type":"BreadcrumbList","@id":"https://www.skb.tu-berlin.de/en/unsere-kolloquium/frantz-fanon-die-verdammten-dieser-erde/#breadcrumb","itemListElement":[{"@type":"ListItem","position":1,"name":"SKB","item":"https://www.skb.tu-berlin.de/"},{"@type":"ListItem","position":2,"name":"Frantz Fanon: „Die Verdammten dieser Erde.“"}]},{"@type":"WebSite","@id":"https://www.skb.tu-berlin.de/#website","url":"https://www.skb.tu-berlin.de/","name":"SKB","description":"Sprach- und Kulturbörse TU Berlin","potentialAction":[{"@type":"SearchAction","target":{"@type":"EntryPoint","urlTemplate":"https://www.skb.tu-berlin.de/?s={search_term_string}"},"query-input":{"@type":"PropertyValueSpecification","valueRequired":true,"valueName":"search_term_string"}}],"inLanguage":"en-US"}]}</script>
<!-- / Yoast SEO plugin. -->

Wir lesen Fanons Versuch über die Befreiungskämpfe gegen den Kolonialismus. Was lässt sich daraus für eine Zeit des Neokolonialismus und der Klimaungerechtigkeit lernen?
